*y**2 - 13*y - 3. Let d(j) = -11*q(j) - 2*t(j). Let p(g) = -5*g. Let h be p(-2). List the prime factors of d(h).
11
Let t = 6 - 7. What are the prime factors of ((-2)/4)/(t/16)?
2
Let c be -1*(-4 + 6/2). Suppose -17 = -r + c. List the prime factors of r.
2, 3
Let t(d) = d**2 + 3 - d**3 + 4*d + 4*d**2 + 2*d**3. List the prime factors of t(-4).
3
What are the prime factors of 28/21*((-47)/(-2) - 1)?
2, 3, 5
Suppose 0 = -m + n + 62, m - 5*n = -2*n + 54. List the prime factors of m.
2, 3, 11
Suppose -2 = l, -5*i - 15 + 300 = -5*l. What are the prime factors of i?
5, 11
Suppose 4100 = -2*y - 3*y. Let m be (-2)/(-9) + y/(-36). Let l = m - 12. List the prime factors of l.
11
Suppose r = -4*f + 25 + 30, -4*r = 2*f - 206. Let s = r + -21. List the prime factors of s.
2, 3, 5
Let o = -8 - -8. Let u = o + 9. List the prime factors of u.
3
Let g(x) = x**3 - x**2 + x + 1. Let t(m) = 6*m**3 + 3*m**2 + 13*m + 4. Let w(r) = -5*g(r) + t(r). What are the prime factors of w(-6)?
23
Let z(x) = 437*x**2 + 0 + 1 - 22*x**2 + 0. Let p be z(1). What are the prime factors of p/24 - (-1)/(-3)?
17
Suppose 4*v = t - 236, 0 = -8*t + 3*t + 5*v + 1195. List the prime factors of t.
2, 3, 5
Suppose -5*f + 1 = 2*o, 3*f + 2*o + 5 = 4. Let k(r) = r**3 + 2*r**2 - 1. Let u be k(f). Suppose -30 = -3*p - u*p. List the prime factors of p.
2, 3
Let d = 157 - 263. Let j be d/8*(-2 + -2). Suppose -4*t + 0*k = 3*k - j, -5*t = 4*k - 67. What are the prime factors of t?
11
Suppose 2*l - 15 = 267. What are the prime factors of l?
3, 47
Let a = -5 - -7. Let r = -10 + a. Let d(f) = -f - 6. List the prime factors of d(r).
2
Suppose 3*v = -o - 2*v - 12, 5*v - 12 = -4*o. Suppose -3*f = -f + 4, 3*h - f = 41. Let j = h - o. List the prime factors of j.
5
Let u be -1 + 263 + 2 + 1. Suppose 85 = -5*y + u. What are the prime factors of y?
2, 3
Let i(n) = -n**3 - 9*n**2 + 9*n - 7. Let q be i(-10). Suppose q*g - 19 - 41 = 0. What are the prime factors of g?
2, 5
Let c(g) = g**3 - 8*g**2 + 6*g - 6. Let q be c(7). Let j = 15 + q. What are the prime factors of j?
2
Let u be 1/(-3) + 362/6. Let d be ((-36)/(-16))/(6/16). Suppose u = -w + d*w. List the prime factors of w.
2, 3
Let g = -35 - -53. Suppose -t - g = 5*p, 2 = -t - 3*p + 2*p. Suppose 0 = -4*s + t*l + 16, 4*l - 4 = 3*l. List the prime factors of s.
2, 3
Let y(n) = 9*n**2 - 2*n + n - 3*n**2. List the prime factors of y(-1).
7
Let o be (-2 + 1 - -2) + 1. Suppose o*v - 5*v = 0. Suppose 2*u + 6 = v, -8 = -2*n - 4*u - 0. List the prime factors of n.
2, 5
Suppose -j - 3*g = -11 - 6, 0 = -5*g + 10. Suppose p + 4*p + 5 = 2*m, p - j = -2*m. List the prime factors of 12 + -2 + p/1.
11
Let z = 86 + 167. What are the prime factors of z?
11, 23
List the prime factors of (-2)/(-9) - 0 - (-4186)/117.
2, 3
Let h = -1128 - -2790. List the prime factors of h/54 - 2/(-9).
31
Suppose -2*p = 7 - 91. What are the prime factors of p?
2, 3, 7
Suppose -4*i + 3*i + 34 = 2*r, -2*i + 66 = 3*r. What are the prime factors of i?
2, 3, 5
Suppose 0 = -4*q + 245 - 69. Let a = q - -1. Suppose 3*j - a = -2*j. What are the prime factors of j?
3
Suppose j + 2*i = -5, -j - 4*i - 5 = 2*j. Suppose 125 = 5*b + 5*s, -2*b + 16 = j*s - 22. What are the prime factors of b?
29
Let b be (-4)/1*(-25)/20. Let g = -2 + b. Suppose 0 = -i + 3*i - s - 2, g*s + 2 = 4*i. List the prime factors of i.
2
Suppose -2*t + 1 = -t. Let s be t/(-2) - 26/(-4). What are the prime factors of ((-8)/s)/((-2)/3)?
2
Let h = 101 + -57. List the prime factors of h.
2, 11
Suppose -4*y + 2 + 14 = -z, 4*z - 5*y = -42. Let m = -14 - z. Let k(c) = -2*c - 9. List the prime factors of k(m).
3
Let x(h) = -18*h + 434. List the prime factors of x(0).
2, 7, 31
Let s(d) = d**2 - d + 68. What are the prime factors of s(0)?
2, 17
Let w be (-13)/(2/(2*-5)). Let o = w + -20. List the prime factors of 2/(-9) - (-775)/o.
17
Suppose -2*g = -4*j + 16, 5*j = -5*g + 13 + 7. Suppose 2*f = -4 - 2, j*f = 2*a - 52. List the prime factors of a.
2, 5
Suppose 0 = f - 5 + 3. Suppose 0 = m + f*m - 30. What are the prime factors of m?
2, 5
Suppose -10*g = -18*g + 1632. List the prime factors of g.
2, 3, 17
Suppose 5*k - 5*b - 60 = 0, -3*k - 2*b + 36 = -7*b. Let d(f) = f**3 - 13*f**2 + 14*f - 8. What are the prime factors of d(k)?
2
Suppose 0 = -2*u - n + 81, -5*u + 4*n + 76 = -3*u. Suppose -136 = -4*p + u. List the prime factors of (p/(-6))/(6/(-9)).
11
List the prime factors of (-12)/24 - (-250)/4.
2, 31
List the prime factors of (16/6)/4*(-1 - -313).
2, 13
Suppose l = 4*l - 12. Let k(m) = 2*m - 1. Let c(p) = 8*p - 3. Let h(q) = -2*c(q) + 9*k(q). What are the prime factors of h(l)?
5
Suppose -3*r + 9 + 0 = 0. Suppose n - r*x = 16, 4*n + 4*x + 8 = 2*n. List the prime factors of n.
2
Suppose -5*x = -13 + 3. Suppose 0 = 5*d - x*d - 114. What are the prime factors of d?
2, 19
Let w(g) = -3*g**3 - g**2. Let j(o) = -o**2 + 3*o - 2. Let d be j(3). What are the prime factors of w(d)?
2, 5
Suppose 0 = 12*a - 15*a + 30. List the prime factors of a.
2, 5
Suppose -7 = -3*b + 5. Suppose b*r = -3*s, -2*r = -4*s - 11 + 33. Suppose -s*i = i - 35. What are the prime factors of i?
7
Suppose -3*r + b = -0*b, 2*r - 5*b = 13. Suppose 16 = -i + 5*d, 3*i + 12 = -d - 2*d. List the prime factors of -3 - -2 - (i - r).
2
Let v(c) = -24*c - 55. What are the prime factors of v(-9)?
7, 23
Let a = 5 - 1. Let g = a - -5. What are the prime factors of g?
3
Let u be 4/(-10) - (-238)/70. Suppose -k = u*k - 104. List the prime factors of k.
2, 13
Suppose 90 = -6*g + 1698. What are the prime factors of g?
2, 67
Let o = 7 + -4. Suppose 0 = -5*b + b + 2*t, -o*b = 2*t. List the prime factors of (b - 0) + 4*3.
2, 3
Suppose -4*o = -13 + 5. Suppose -2*d - o*b + 6 = -0, d + 5*b = -9. Let k = 16 - d. List the prime factors of k.
2, 5
Suppose -7 = 4*d - 31. Suppose 2*x = 4*z + d, 6*z - 4*z = 6. List the prime factors of (6/x)/(2/15).
5
Let v(h) be the third derivative of -h**5/60 - 5*h**4/12 + 5*h**3/6 - 7*h**2. List the prime factors of v(-5).
2, 3, 5
Suppose -5*o + o - 44 = 4*f, 4*o + 3*f = -39. What are the prime factors of (-60)/(-14) - o/(-21)?
2
Let u(m) = -4*m**3 - m**2 + 3*m. Let o(i) = i**3 - i. Let v(d) = -6*o(d) - 2*u(d). What are the prime factors of v(2)?
2, 3
Suppose -4*u - 2*s + 740 = 0, -2*u + 3*s = 3*u - 914. List the prime factors of u.
2, 23
Suppose -27*m + 30*m - 345 = 0. What are the prime factors of m?
5, 23
Let s = 235 + -11. List the prime factors of s.
2, 7
Let n = 14 - 20. Let l be (-4)/n*(6 + 0). Suppose -7 - 17 = -l*a. What are the prime factors of a?
2, 3
Suppose -6*t = -5*t - 74. What are the prime factors of t?
2, 37
Let y(g) = -g**2 + 11*g - 5. Suppose 2*b + 2*c - 18 = 0, 5*c = 3*b - 29 + 2. List the prime factors of y(b).
13
Let f(v) = v**2 - 3*v - 4. Let x be f(-6). Suppose -2*n = -7*n + x. What are the prime factors of n?
2, 5
Let c = 435 + -264. Let u be (2/(-3))/((-6)/c). Suppose 47 = 5*p + 4*t - 6, p - u = -5*t. List the prime factors of p.
3
Suppose 0 = -6*r + 207 - 69. List the prime factors of r.
23
Let q be 6/(-33) - (-46)/11. Suppose q*o - 14 = -2. What are the prime factors of o?
3
Suppose -3*a = 4*s - 296, -3*s + 74 = -2*s - 4*a. What are the prime factors of s?
2, 37
Let p be 0 + (1 - (0 + 0)). Let g be (-27 - -1 - 0)/p. Let j = -17 - g. What are the prime factors of j?
3
Suppose 4*w = 4*n - 5*n + 82, -3*n + 2*w = -246. List the prime factors of n.
2, 41
Suppose -w + 5*b = -2*w + 42, 2*w - 3*b = 45. List the prime factors of w.
3
Let x(h) = 72*h**2 + 3*h - 2. What are the prime factors of x(1)?
73
Let y = 4 - 3. Suppose y = b - 3. Suppose -4*l + 3 = 5*p - 17, 0 = b*p + 16. List the prime factors of l.
2, 5
Suppose 0 = 2*b - 29 - 19. List the prime factors of b.
2, 3
Let v = -25 + 30. What are the prime factors of v?
5
Let u(m) = -7*m. List the prime factors of u(-5).
5, 7
Suppose -4*b = -l - 6, 0 = -8*l + 4*l - 5*b + 18. Let g = l + 1. List the prime factors of g.
3
Suppose 2*m + 18 = a, -3*a + 36 + 21 = -5*m. What are the prime factors of a?
2, 3
Suppose 3*c + p - 315 = 0, -p = c - 4*c + 315. Suppose g - 6*g = -c. Suppose g = 4*b + 5. List the prime factors of b.
2
Let s be (-20 - (3 + -3))/(-1). Let a = -14 + s. List the prime factors of a.
2, 3
Let p(s) = -7*s + 2*s**2 - 1 + 4 + 3. List the prime factors of p(4).
2, 5
Suppose -4*t - 3*a + 599 